 the prime factors of 18581.
17, 1093
List the prime factors of 2810.
2, 5, 281
What are the prime factors of 3079?
3079
What are the prime factors of 60081?
3, 7, 2861
List the prime factors of 33591.
3, 11197
What are the prime factors of 12331?
11, 19, 59
List the prime factors of 6030.
2, 3, 5, 67
What are the prime factors of 7413?
3, 7, 353
What are the prime factors of 28?
2, 7
What are the prime factors of 926?
2, 463
List the prime factors of 1256.
2, 157
List the prime factors of 80084.
2, 20021
What are the prime factors of 972?
2, 3
List the prime factors of 59313.
3, 17, 1163
What are the prime factors of 3185?
5, 7, 13
List the prime factors of 49965.
3, 5, 3331
What are the prime factors of 11573?
71, 163
What are the prime factors of 376?
2, 47
What are the prime factors of 6246?
2, 3, 347
List the prime factors of 34854.
2, 3, 37, 157
List the prime factors of 38019.
3, 19, 23, 29
List the prime factors of 2842.
2, 7, 29
What are the prime factors of 34693?
34693
List the prime factors of 7056.
2, 3, 7
What are the prime factors of 1506?
2, 3, 251
What are the prime factors of 5925?
3, 5, 79
What are the prime factors of 8328?
2, 3, 347
What are the prime factors of 2680?
2, 5, 67
What are the prime factors of 49171?
49171
What are the prime factors of 9369?
3, 347
What are the prime factors of 15591?
3, 5197
List the prime factors of 1427.
1427
List the prime factors of 4788.
2, 3, 7, 19
What are the prime factors of 398?
2, 199
What are the prime factors of 4941?
3, 61
What are the prime factors of 3762?
2, 3, 11, 19
List the prime factors of 1309.
7, 11, 17
What are the prime factors of 1022?
2, 7, 73
What are the prime factors of 600?
2, 3, 5
List the prime factors of 17507.
7, 41, 61
What are the prime factors of 1162?
2, 7, 83
List the prime factors of 201.
3, 67
List the prime factors of 2508.
2, 3, 11, 19
List the prime factors of 10504.
2, 13, 101
List the prime factors of 756.
2, 3, 7
List the prime factors of 56833.
7, 23, 353
List the prime factors of 1080.
2, 3, 5
What are the prime factors of 8592?
2, 3, 179
List the prime factors of 55034.
2, 7, 3931
What are the prime factors of 4928?
2, 7, 11
List the prime factors of 1151.
1151
What are the prime factors of 61125?
3, 5, 163
What are the prime factors of 518?
2, 7, 37
List the prime factors of 185.
5, 37
What are the prime factors of 12993?
3, 61, 71
What are the prime factors of 3061?
3061
What are the prime factors of 1450?
2, 5, 29
List the prime factors of 122430.
2, 3, 5, 7, 11, 53
What are the prime factors of 12171?
3, 4057
What are the prime factors of 634?
2, 317
What are the prime factors of 1304?
2, 163
What are the prime factors of 5434?
2, 11, 13, 19
List the prime factors of 205.
5, 41
List the prime factors of 605.
5, 11
List the prime factors of 32716.
2, 8179
What are the prime factors of 17273?
23, 751
List the prime factors of 360.
2, 3, 5
List the prime factors of 166.
2, 83
What are the prime factors of 815?
5, 163
List the prime factors of 26121.
3, 8707
What are the prime factors of 21986?
2, 10993
List the prime factors of 22286.
2, 11, 1013
What are the prime factors of 34813?
31, 1123
What are the prime factors of 36747?
3, 1361
What are the prime factors of 5031?
3, 13, 43
What are the prime factors of 5611?
31, 181
What are the prime factors of 2685?
3, 5, 179
List the prime factors of 7048.
2, 881
List the prime factors of 8161.
8161
List the prime factors of 40202.
2, 20101
What are the prime factors of 136?
2, 17
List the prime factors of 18794.
2, 9397
List the prime factors of 21639.
3, 7213
What are the prime factors of 1606?
2, 11, 73
What are the prime factors of 9840?
2, 3, 5, 41
List the prime factors of 1770.
2, 3, 5, 59
List the prime factors of 108.
2, 3
What are the prime factors of 13908?
2, 3, 19, 61
List the prime factors of 42062.
2, 21031
List the prime factors of 451.
11, 41
List the prime factors of 8211.
3, 7, 17, 23
What are the prime factors of 43297?
29, 1493
List the prime factors of 679.
7, 97
List the prime factors of 1985.
5, 397
What are the prime factors of 4344?
2, 3, 181
List the prime factors of 4002.
2, 3, 23, 29
List the prime factors of 48780.
2, 3, 5, 271
What are the prime factors of 339?
3, 113
List the prime factors of 13174.
2, 7, 941
List the prime factors of 2241.
3, 83
What are the prime factors of 10848?
2, 3, 113
What are the prime factors of 1539?
3, 19
What are the prime factors of 37021?
37021
What are the prime factors of 2011?
2011
What are the prime factors of 10111?
10111
List the prime factors of 367.
367
List the prime factors of 40871.
23, 1777
What are the prime factors of 71?
71
What are the prime factors of 349?
349
What are the prime factors of 1012?
2, 11, 23
What are the prime factors of 4175?
5, 167
What are the prime factors of 15406?
2, 7703
What are the prime factors of 738?
2, 3, 41
List the prime factors of 114755.
5, 59, 389
What are the prime factors of 374?
2, 11, 17
What are the prime factors of 85618?
2, 13, 37, 89
List the prime factors of 4620.
2, 3, 5, 7, 11
List the prime factors of 5769.
3, 641
List the prime factors of 2234.
2, 1117
What are the prime factors of 813?
3, 271
What are the prime factors of 6138?
2, 3, 11, 31
What are the prime factors of 29802?
2, 3, 4967
What are the prime factors of 22858?
2, 11, 1039
List the prime factors of 79349.
79349
List the prime factors of 695.
5, 139
What are the prime factors of 1891?
31, 61
What are the prime factors of 29359?
11, 17, 157
What are the prime factors of 26622?
2, 3, 17, 29
What are the prime factors of 2603?
19, 137
List the prime factors of 4107.
3, 37
List the prime factors of 1189.
29, 41
List the prime factors of 1860.
2, 3, 5, 31
List the prime factors of 14669.
14669
What are the prime factors of 23417?
23417
List the prime factors of 7060.
2, 5, 353
List the prime factors of 26734.
2, 13367
List the prime factors of 5088.
2, 3, 53
List the prime factors of 50992.
2, 3187
List the prime factors of 7711.
11, 701
List the prime factors of 16412.
2, 11, 373
List the prime factors of 44805.
3, 5, 29, 103
What are the prime factors of 22062?
2, 3, 3677
List the prime factors of 228.
2, 3, 19
What are the prime factors of 1470?
2, 3, 5, 7
What are the prime factors of 4040?
2, 5, 101
What are the prime factors of 984?
2, 3, 41
List the prime factors of 1060.
2, 5, 53
What are the prime factors of 1913?
1913
List the prime factors of 1418.
2, 709
What are the prime factors of 880?
2, 5, 11
What are the prime factors of 1711?
29, 59
What are the prime factors of 3082?
2, 23, 67
List the prime factors of 84751.
84751
List the prime factors of 4726.
2, 17, 139
What are the prime factors of 24026?
2, 41, 293
List the prime factors of 2969.
2969
What are the prime factors of 7503?
3, 41, 61
What are the prime factors of 48438?
2, 3, 13, 23
List the prime factors of 9753.
3, 3251
List the prime factors of 815.
5, 163
What are the prime factors of 1091?
1091
List the prime factors of 2026.
2, 1013
List the prime factors of 1398.
2, 3, 233
List the prime factors of 18159.
3, 6053
List the prime factors of 120567.
3, 40189
List the prime factors of 1249.
1249
What are the prime factors of 1361?
1361
List the prime factors of 95.
5, 19
List the prime factors of 8947.
23, 389
What are the prime factors of 8248?
2, 1031
List the prime factors of 7355.
5, 1471
List the prime factors of 1360.
2, 5, 17
What are the prime factors of 15827?
7, 17, 19
What are the prime factors of 3091?
11, 281
What are the prime factors of 242?
2, 11
What are the prime factors of 163?
163
List the prime factors of 132976.
2, 8311
What are the prime factors of 9125?
5, 73
List the prime factors of 6865.
5, 1373
List the prime factors of 3776.
2, 59
What are the prime factors of 3319?
3319
What are the prime factors of 352?
2, 11
List the prime factors of 458.
2, 229
What are the prime factors of 1711?
29, 59
List the prime factors of 1917.
3, 71
List the prime factors of 6059.
73, 83
List the prime factors of 1060.
2, 5, 53
List the prime factors of 2100.
2, 3, 5, 7
List the prime factors of 2620.
2, 5, 131
List the prime factors of 2621.
2621
What are the prime factors of 26614?
2, 7, 1901
List the prime factors of 14688.
2,